2/9 - (-845)/45. Calculate the highest common factor of x and 171.
19
Suppose 0 = -r - 4*d + 58, -3*r - 2*d - d = -147. Suppose 2*y = -3*p + 51, -4*y - 2*p + 60 = -r. Calculate the greatest common divisor of y and 54.
27
Let c = 84 + -41. Calculate the highest common factor of 301 and c.
43
Let q be (-2 + (-2)/(-3))*6. Let p = q - -11. Suppose -4*n - 52 = -8*k + 4*k, k = p*n + 17. Calculate the greatest common divisor of 33 and k.
11
Let o(p) be the first derivative of -3*p**2 - 19*p + 8. Let a be o(-9). Let v be 1/(1/4) + 1. Calculate the greatest common divisor of v and a.
5
Suppose -4*y = 3*h + 2*h - 156, -90 = -3*y + 3*h. What is the highest common divisor of y and 85?
17
Suppose 2 = -2*a + 6. Calculate the greatest common divisor of 10 and a.
2
Let r be (-4)/(-6)*(-36)/8. Let h(g) = 2*g**2 - 2*g - 4. Let l be h(r). What is the greatest common divisor of l and 2?
2
Let t(q) = q**3 - 10*q**2 + q + 4. Let a be t(11). What is the greatest common factor of a and 17?
17
Let h be 3/2*(-4)/(-12)*42. What is the highest common factor of 21 and h?
21
Let c = -11 - -16. Let h be (9 - 1) + 0/c. Suppose 2*m - 38 = -h. Calculate the greatest common divisor of 10 and m.
5
Suppose 18*z = 13*z + 50. Let f be -1*1*-1 + 89. What is the greatest common factor of f and z?
10
Let m = 10 + -5. Let x(g) = -g**3 - 2*g**2 + 1. Suppose 1 = -n - a - 4, -4*n - 8 = -2*a. Let v be x(n). What is the greatest common divisor of v and m?
5
Let v be 18/(-99) + (-46)/(-11). Suppose -k = -2*w + 24, w - v*w - 4*k + 14 = 0. Calculate the greatest common divisor of 2 and w.
2
Let k be ((-14)/(-4))/(4/16). Suppose -4*q + 2 + k = 0. Calculate the highest common divisor of q and 1.
1
Suppose -2*w + 5*w + a = 21, -3*a = -5*w + 35. Suppose -26 = -j + w. Let f be ((-2)/(-4))/(3/33)*4. Calculate the greatest common factor of j and f.
11
Suppose 5*t - 5*j - 150 = 0, 2*t + 4*j - 35 = 43. Calculate the greatest common divisor of t and 22.
11
Let n(r) = -r + 26. Let v be n(10). What is the highest common divisor of 16 and v?
16
Let x be (-22)/(-10) + (-3)/15. Suppose 3*y + 8 = m - 0*m, 52 = 3*m + 5*y. What is the highest common factor of m and x?
2
Let c(t) = t**3 + 6*t**2 + 3*t + 2. Let g be c(-3). What is the highest common factor of g and 4?
4
Suppose r - 30 = 6*r. Let m = r + 13. Calculate the greatest common factor of 49 and m.
7
Let v be 500/14 - (-2)/7. Let j be 3/(-3)*4 - 11. Let c be 6/j + 452/5. Calculate the greatest common divisor of c and v.
18
Suppose 0 = d - 4. Let y(z) = -z**3 + z + 4*z**3 - 2*z - 5*z**2. Let p be y(d). Calculate the highest common factor of 12 and p.
12
Suppose -311 = -7*w + 914. What is the greatest common divisor of w and 35?
35
Suppose -2*s + 147 = 3*f, 5*s = 3*f + 222 + 93. What is the greatest common divisor of s and 44?
22
Let x = 79 - 13. Let n be (2/(-2))/1 - -1. Suppose 5*a = -n*a + 3*l + 27, 31 = 5*a + l. Calculate the greatest common factor of x and a.
6
Let k = 15 - -21. Let f(v) = v**2 - v. Let o be f(-3). Calculate the greatest common divisor of k and o.
12
Suppose 3*c - 55 = 17. What is the greatest common factor of 24 and c?
24
Suppose -5*r + 665 = u, 2*r - u + 2*u = 263. Let s = r - 85. Let p = -5 + 12. What is the greatest common divisor of p and s?
7
Let k(h) = 2*h**2 - 2*h. Let v be k(3). Let m be 2098/12 + 2/v. Suppose 0 = -3*t - 2*t + m. What is the highest common factor of 7 and t?
7
Let d = -5 - -7. Suppose -3*v = d*v - 55. Let f = 27 + -16. Calculate the highest common divisor of v and f.
11
Let q be 0/2 + (1 + -1 - 0). Let g(s) = 4*s - 1. Let j be g(2). Suppose q = 3*c - 2*l - 13 - 24, c - 2*l = j. What is the greatest common factor of 5 and c?
5
Let f(t) = t**3 - 3*t + 3. Let u be f(2). Suppose u*m - 3 = 27. Calculate the greatest common divisor of 60 and m.
6
Let r(d) = -1 + 2 - 6*d**2 + d**3 + 5*d + d**2 - 3. Let c be r(4). What is the highest common factor of c and 3?
1
Let g(y) = y**3 - 6*y**2 + y - 4. Let q be g(7). Let o(l) = 78*l**2 + 2*l - 2. Let w be o(1). Calculate the greatest common factor of q and w.
26
Let k be (-50)/15*9/(-6). Suppose k*r - 37 = -4*p, -3*p + r + 20 = -3*r. What is the highest common factor of p and 4?
4
Let r = 70 - 5. Let o = -59 - -72. Calculate the highest common factor of o and r.
13
Let k be 2/(-2)*(0 - 1). Let h be (k/1)/(1/3). Suppose -5*i + 47 = 3*z, -81 = -5*z + h*i + 20. Calculate the greatest common factor of 57 and z.
19
Let i(a) = -a + 1. Let d be i(1). Suppose 2*b + 0*b - 42 = d. What is the highest common divisor of 3 and b?
3
Let y(m) = m**3 + 4*m**2 - 6*m - 1. Suppose g = -w - 10 + 2, 0 = -3*w - 9. Let a be y(g). What is the highest common factor of 28 and a?
4
Let j = 8 - 6. Suppose -j*s = -4*k + 292, -4*s - 8 = -0*s. What is the highest common factor of k and 8?
8
Suppose x - 153 = 5*m, 3*x = x - 5*m + 246. What is the highest common factor of x and 19?
19
Let a be (-3)/((1 - 3) + 1). What is the highest common divisor of 3 and a?
3
Suppose 4*z = -c + 33, -4*c + 0*c = -2*z - 78. Suppose 2*k + 3*k = 35. What is the greatest common divisor of k and c?
7
Suppose 3*a + 30 = -4*g, 0 = -3*a - 5*g + 10 - 40. Let s be (4/5)/(a/(-25)). Let x be ((30 - 2) + -2)/s. Calculate the highest common divisor of 26 and x.
13
Suppose -6*w = 4*z - w - 17, w - 13 = -4*z. Suppose z*h - 1 = 26. Suppose 21 = 4*i - 15. Calculate the highest common divisor of h and i.
9
Let o(g) = -g**3 - 9*g**2 - 2*g. Let l be o(-9). Let m(z) = 13*z**2 - z. Let n be m(-2). Calculate the greatest common divisor of n and l.
18
Let k = 96 + 37. What is the highest common factor of 19 and k?
19
Let v(s) = 6*s**2 + 5*s + 1. Suppose 0*h = 2*k + h + 8, -26 = 4*k - 3*h. Let d be v(k). Calculate the greatest common factor of d and 14.
14
Let r(z) = 3*z**2 + z - 1. Let x be r(1). Let n = -3 + 5. What is the highest common divisor of x and n?
1
Let g be 91/7 - (-1 - -2). Calculate the greatest common factor of 84 and g.
12
Let p(l) = 4*l + 6. Let w be p(-4). Let q be w/(-15) - (-104)/6. Calculate the greatest common factor of 6 and q.
6
Suppose 0*q - 25 = -5*q. Suppose 4*u - 372 = -q*b, -3 = -4*b - 19. Suppose 2*n + c - 9 = n, 2*c - 46 = -4*n. What is the highest common factor of u and n?
14
Suppose 890 = 10*l + 310. Calculate the greatest common divisor of l and 87.
29
Suppose 186 = 4*t - 386. Let u be (-1 - 0)*-13*1. What is the greatest common factor of t and u?
13
Let n(b) = b**3 - 10*b**2 - 2*b + 14. Let w be n(10). Let t be w/(-9)*(-3 + 12). What is the highest common divisor of t and 66?
6
Let r(t) = t**2 + t + 1. Let c be r(3). Let u = 36 + c. What is the highest common factor of u and 7?
7
Suppose j + 3*g + 99 = 0, 2*j + 533 = -3*j + 4*g. Let k = 173 + j. Calculate the highest common divisor of 17 and k.
17
Let c = 3 + 1. Suppose k - 20 = 4*d - 0, 0 = -c*d - 16. Calculate the highest common divisor of 4 and k.
4
Suppose 4*l + 4*w = 12, 0 = -3*l - 0*w + 5*w + 49. Let a be (-58)/(-18) + 8/(-36). Suppose 4*p - 8 = a*p. What is the highest common divisor of l and p?
8
Let y = -1 - -3. Suppose -c = c - 4*f - 40, -y*f = -2*c + 38. Calculate the greatest common divisor of 54 and c.
18
Let b(v) = -29*v - 2. Let t be b(-1). Calculate the highest common factor of t and 27.
27
Let p(s) = -s - 1. Let u be p(-3). Calculate the highest common factor of 54 and u.
2
Let t be 7/((-1)/(-2) + 0). Let o(g) = 3*g**2 - 9*g - 8. Let a be o(8). What is the greatest common factor of t and a?
14
Let c be (-218)/(-6) - (-1)/(-3). Let b be -2 + 1 + 1 - 9. Let r be (8/(-14))/(b/63). Calculate the highest common factor of c and r.
4
Suppose -4*o + v = -0*v - 25, 2*o + 3*v - 9 = 0. Let d(j) = j + 7. Let t be d(5). Calculate the highest common factor of o and t.
6
Suppose 6 + 14 = 5*z + 5*f, -5*z + f = -8. Suppose 2 + 7 = 3*q + z*m, 5*q + m = 8. What is the highest common divisor of 9 and q?
1
Suppose -4*c - f = -6, 0 = 3*c + f + 3*f - 11. Suppose 0 = 3*h - 2 - c, -4*l = -4*h - 40. Calculate the greatest common divisor of 121 and l.
11
Suppose -w = -3*w + 290. Suppose -2*r - r = 2*b - w, 3*r = -4*b + 155. Let u = 1 + 4. Calculate the highest common divisor of u and r.
5
Let g = 16 - -26. What is the greatest common factor of 105 and g?
21
Suppose -4*v = -v + 6. Let d be 38 - v/(-1)*-1. Let c = -12 + 20. What is the greatest common divisor of c and d?